 = -3*i, -17 = -4*c - 3*i. Suppose -c*k + 8 = 16. Let w(n) = -2*n**3 - 6*n**2 + 3. What are the prime factors of w(k)?
5, 7
Let a(q) be the second derivative of q**4/12 - q**3/3 - q**2/2 - 6*q. Let b be a(3). Suppose 3 = f - h + 2*h, -f = b*h - 3. List the prime factors of f.
3
Suppose 0*h = 4*h + 2*r - 58, 0 = -2*h - 4*r + 44. Suppose 0 = -3*m + 6 + h. List the prime factors of m.
2, 3
Suppose 15 = 3*a + 2*a. Suppose -289 = -a*w - 1. Suppose 0 = -8*j + 4*j + w. What are the prime factors of j?
2, 3
Let j = 19 + -14. Suppose -v + 103 + 154 = 4*y, j*v - 197 = -3*y. List the prime factors of y.
2
Let z(x) be the third derivative of x**5/15 + x**4/6 - x**3/6 + 9*x**2. What are the prime factors of z(3)?
47
Suppose h = 4*k + 8 - 42, -2*h - 4 = 0. Suppose 5*s = k - 3, -2*s - 6 = -n. Suppose n*y - 120 = 5*y. List the prime factors of y.
2, 5
Let n be (0 - 2/5) + 378/45. Let p(b) = -b**3 + 11*b**2 - 3*b - 30. What are the prime factors of p(n)?
2, 3, 23
Let a be (4/(-6))/(9/(-27)). Let y(m) = 5*m - 25*m**a - 1 + m**3 + 34*m**2 + 2*m. What are the prime factors of y(-5)?
2
Suppose 537 = 4*d + 1997. Let j = -180 - d. What are the prime factors of j?
5, 37
Let s(m) = -8*m - 5*m**2 - 13 - 2 + 6*m**2. What are the prime factors of s(13)?
2, 5
Suppose 4*d + 2*i = 19144, -d - 51*i = -50*i - 4784. List the prime factors of d.
2, 3, 7, 19
Let g(o) = o**3 - 7*o**2 - 11*o + 6. What are the prime factors of g(10)?
2, 7
Let s(x) be the third derivative of x**5/12 - x**4/3 + x**3/6 - 4*x**2. Let d be s(7). Suppose d - 20 = 5*r. What are the prime factors of r?
2, 17
Let w = 703 - -829. What are the prime factors of w?
2, 383
Let i(s) = s**3 + 21*s**2 + 34*s - 17. Let q be i(-18). Let y = -216 + q. List the prime factors of y.
127
Let r(b) be the first derivative of -3*b**2/2 + 25*b + 7. What are the prime factors of r(-11)?
2, 29
Let g(n) = n**2 - 4*n + 6. Let k be g(3). Suppose -k*t + 188 = 5*r, 2*t + 5*r = t + 46. What are the prime factors of t?
71
Suppose c - 3*d - 4 = 0, 0 = -2*c - 4*d + 3*d + 8. Suppose -h - h - 225 = 3*w, 2*w - c*h = -150. What are the prime factors of (w/(-6))/((-1)/(-2))?
5
Suppose -4*i - 16 = v, -3*i - 29 = -0*v + 5*v. Let m be 40/(-15)*18/v. List the prime factors of ((-3)/(-2))/(m/208).
2, 13
List the prime factors of -6488*(-8 + 427/56).
3, 811
Let g = -741 - -2576. What are the prime factors of g?
5, 367
Suppose 0 = -5*v + 5*s + 3825, -19*v + 3068 = -15*v + 4*s. What are the prime factors of v?
2, 383
Let k(x) = -4*x - 28. Let l be k(-8). Suppose 0*p - 4*r + 520 = l*p, -4*r - 155 = -p. List the prime factors of p.
3, 5
Let y be (-2 + -2 - 3) + -1. Suppose 0 = -2*t - 3*t + 95. Let u = t + y. What are the prime factors of u?
11
Suppose 21*y - 34*y + 2093 = 0. List the prime factors of y.
7, 23
Suppose 0 = -4*u - 2*d - 22, 0 = -u + 2*d + 3*d. Suppose 0 = -3*w + 2*f + 8, 0 = f - 2 - 3. What are the prime factors of ((-45)/w)/u*6?
3
Let t be (-3 + 69/6)*(17 - 25). Let a be (-4)/12 - 319/(-3). Let x = t + a. List the prime factors of x.
2, 19
Let c(t) be the first derivative of -2*t**2 - 24*t - 8. List the prime factors of c(-7).
2
Let s be 42/18 - 2/6. Suppose -s*d - d + 63 = 0. What are the prime factors of d?
3, 7
Suppose 4*t + 7 = -9. Let l(i) = -3*i - 6. Let b be l(t). Let r(s) = 2*s + 7. List the prime factors of r(b).
19
Let m = -61 + 69. What are the prime factors of 1874/m - (-4)/(-16)?
2, 3, 13
Let d(s) = s + 16. Let r = -26 + 15. Let x be d(r). Suppose -4*i + 88 = 2*p + 3*p, 4*i = x*p + 88. What are the prime factors of i?
2, 11
Suppose 0 = -3*p + 2*p - 2*r + 625, p = -4*r + 623. List the prime factors of p.
3, 11, 19
Suppose 22*y - 5040 = 7*y. Suppose y = -0*x + 4*x. List the prime factors of x.
2, 3, 7
Let m be (-24)/21*21/(-6). Suppose 2*s + 116 = m*s - 4*h, 3*s + 3*h - 219 = 0. What are the prime factors of s?
2, 17
Let b(c) = c - 1. Let t be b(-4). List the prime factors of (-4)/t - 1046/(-5).
2, 3, 5, 7
Suppose 5*t + 1301 = 5711. Suppose t = 9*n - 2106. What are the prime factors of n?
2, 83
Let w = -12 - -14. Suppose -w*m + 7*m = 0. Suppose m = 2*z + 3*z - 20. List the prime factors of z.
2
Let y(d) = 3*d**2 + 6*d - 3. Let c be y(-7). Suppose c = -p - p. Let r = -29 - p. What are the prime factors of r?
2, 11
Let m be (-1)/4 - (-348)/(-16). Let v be 3 - ((-3)/(-2))/((-13)/26). Let t = v - m. What are the prime factors of t?
2, 7
List the prime factors of 17*15 - (-6 - -6).
3, 5, 17
Suppose -28*o = 9*o - 73001. List the prime factors of o.
1973
Let v = -15 - -13. What are the prime factors of (v - -1)/((-2)/122)?
61
Suppose 0 = 2*v - 7*v - 5*p + 40, 0 = 5*v - 2*p - 26. Suppose -4*d + v*d = 0. What are the prime factors of 17 + (-3 - d) + 2?
2
Suppose 2118*f - 2130*f + 912 = 0. List the prime factors of f.
2, 19
Suppose 15140 = 9*l - 30112. List the prime factors of l.
2, 3, 419
Let q = -126 + 125. List the prime factors of 7/((-14)/q) - (-319)/2.
2, 5
Suppose 0*o - 2*o + 16 = -2*f, -5*f = -4*o + 41. Let b = f + 20. What are the prime factors of b?
11
Let h(z) = z**3 + 5*z**2 + z. Let f be h(-4). Let i = f - 12. Suppose i*p + 5*p = 20. What are the prime factors of p?
2
Suppose -2*k + 5*k - 6 = 0. Let s be -1*10/(-2) - 9. List the prime factors of (4/s)/(k/(-90)).
3, 5
Suppose 5*d - 3*v - 27 = 0, -2*d + 13 = 4*v - 3*v. Let m be 6/(-2)*(-30)/d. Let h(z) = -z**2 + 15*z + 8. List the prime factors of h(m).
2
Suppose -3*s = -2*s + 53. Let t = 76 + s. What are the prime factors of t?
23
Let b(k) = -k**3 - 3*k**2 - 2*k + 34. What are the prime factors of b(0)?
2, 17
Let r = -5 + 9. Suppose r*j - 5 - 11 = 0. List the prime factors of 18*j/42*14.
2, 3
Let m be 4 - 0/(7 - 4). Suppose 80 = m*d - 72. What are the prime factors of d?
2, 19
What are the prime factors of (1*-2)/((-6)/708)?
2, 59
Let t = 1090 - 604. List the prime factors of t.
2, 3
Suppose -4*l = -847 - 389. List the prime factors of l.
3, 103
Let i(a) = -a**3 - 10*a**2 - 4*a + 11. Suppose -2*r - 16 = 2*u, 5*u = -0*r + 2*r - 47. Let m be i(u). Let o = 69 + m. List the prime factors of o.
5, 7
Let s(m) = 20*m + 31. Let y(r) = 21*r + 31. Let o(k) = -6*s(k) + 5*y(k). What are the prime factors of o(-9)?
2, 13
Let d(l) = 21*l**2 - 16*l + 177. What are the prime factors of d(7)?
2, 547
Suppose -2 = -3*i + 1. Let b(c) = 2*c - 3 - 4 - 4*c - i + c**2. What are the prime factors of b(6)?
2
Suppose 3*u - 3 = 0, 7177 + 4002 = 5*b - u. What are the prime factors of b?
2, 13, 43
Let m be (-1162)/10 - 3/(-15). Let k = m - -184. List the prime factors of k.
2, 17
Let t(d) = 585*d + 543. List the prime factors of t(3).
2, 3, 383
Let t(v) be the third derivative of v**5/60 + 13*v**3/6 + 29*v**2. List the prime factors of t(6).
7
Let n(x) = 16*x**2 + x - 2. Let w be n(1). Let g = w - -1. What are the prime factors of g?
2
Suppose 0 = -3*u + u - 3*w - 1, 4*w + 6 = 2*u. Suppose -1 - u = -o. Suppose 19 + 9 = o*v. List the prime factors of v.
2, 7
Let q = -717 - -2860. What are the prime factors of q?
2143
Let s(v) = -v**3 - 5*v**2 - 6. Let x be s(-5). Let i = 13 + x. Suppose -105 = -i*g + 2*g. List the prime factors of g.
3, 7
What are the prime factors of 8023/226 - 6/4?
2, 17
List the prime factors of 103400/250 + (-2)/(-5).
2, 3, 23
Let a(w) = w + 1. Let p be a(5). Let t be p*(-3 - 10/(-3)). List the prime factors of 9 - (1 - (3 - t)).
3
Let u(a) = -a + 6. Let k(q) = q - 3. Let z(s) = 5*k(s) + 3*u(s). Let d(l) = -l**3 + 4*l**2 - 4*l + 24. Let p be d(4). List the prime factors of z(p).
19
List the prime factors of ((-1)/(-3))/(4/6564).
547
Let x(y) = -2*y**2 + 4*y + 4. Suppose o + 5*f - 24 = 8, 0 = -4*f + 20. Let p be x(o). List the prime factors of p*(30/(-9) + 3).
2, 11
Suppose 3*k = 2*x + 39, -30 = -0*k - 3*k + 5*x. Let r = 20 + -13. Let d = k - r. List the prime factors of d.
2
Let m(k) = k**2 - 4*k - 6. Let y be m(5). What are the prime factors of (4*-2)/(8/28*y)?
2, 7
Let p(c) = 14*c**2 - 29*c + 15. What are the prime factors of p(15)?
2, 3, 5, 7, 13
Let u(d) = 2*d**2 - 3*d - 4. Let k be u(8). Let i = k + -37. What are the prime factors of i?
3, 7
Let z = 26 + -20. Let l be z/12 - (-11)/2. Suppose 0 = l*w - 3*w - 48. List the prime factors of w.
2
Let f = -166 - -924. List the prime factors of f.
2, 379
Suppose 27 = 7*o - 1. Suppose -f + u + 196 = 0, -3*f + 128 + 467 = o*u. What